 remainder when p(3) is divided by 10?
7
Suppose 4*l - 2 = 3*l - k, -4*l + 5*k = 10. Suppose 10 = 2*y - l. Let p = 22 + -14. Calculate the remainder when p is divided by y.
3
Suppose 14 = p - 2*o, -p = -0*o + 5*o - 7. Let k = 55 - 20. Calculate the remainder when k is divided by p.
11
Let j(u) = u**2 + u - 1. Let c be j(3). Let g = c + -8. Suppose 15 = g*b - 21. What is the remainder when 45 is divided by b?
9
Let h = 33 - -2. Suppose 5*u = s - 123, -5*s + u + 365 = -154. What is the remainder when s is divided by h?
33
Suppose -4*q - 2*q = -66. What is the remainder when 41 is divided by q?
8
Let i(a) = -4*a. Suppose 0 = 2*u - 4*s + 4, 2*u - 28 = 6*u - 3*s. What is the remainder when i(u) is divided by 21?
19
Let i(f) = 4*f**3 + 2*f**2 + 2. Let x be i(2). Let g = 3 + 1. What is the remainder when (-1)/2 - x/(-4) is divided by g?
2
Suppose 0 = -2*u - 3*u - 55. Let r = u + 16. Calculate the remainder when 54/7 - (-4)/14 is divided by r.
3
Let z = 21 - 12. What is the remainder when (z + 3)*14/3 is divided by 19?
18
Suppose -9*q + 15 = -12. Calculate the remainder when q is divided by 3.
0
Suppose -3*q + 35 = 11. Let v = 2 - -4. Suppose -c - 1 + v = 0. What is the remainder when q is divided by c?
3
Suppose w - 100 = -4*t, 2*t = -4*w - 2*t + 352. Suppose c = w + 2. What is the remainder when c is divided by 22?
20
Let r be (-8)/28 + 23/7. Suppose 2*h - 5*x - 72 = -2*h, 5*x + 59 = r*h. Calculate the remainder when h is divided by 7.
6
Let s = 22 - 12. Calculate the remainder when 15 is divided by (s/(-4) - -2)*-12.
3
Suppose i - 1 = 2*r + 1, 3 = -3*r. Suppose 3*p + 14 - 146 = i. Let y = 27 + -4. Calculate the remainder when p is divided by y.
21
Let p(a) = a**3 + 2*a**2 - 3*a + 3. Let t be p(-3). Suppose -r = 3*b - t, -2*b + 19 = -5*r + 85. Calculate the remainder when 46 is divided by r.
10
Suppose -2*s + 3*w + 34 = 0, 16 = 5*s + w - 52. Let d(m) = -m**2 - 8*m - 11. What is the remainder when s is divided by d(-4)?
4
Let v(w) = -29*w - 1. Let i(y) = 4*y - 6. Suppose -4 = 4*n - 5*f, -4*f = -2*n + 6*n - 32. What is the remainder when v(-1) is divided by i(n)?
8
Let l = 16 + -10. Let c be 4/l - (-28)/(-6). Let v(a) = -5*a - 6. Calculate the remainder when v(c) is divided by 5.
4
Let n be (4 - 2) + 6/(-1). Calculate the remainder when 23 is divided by 46/4 - 2/n.
11
Let y = -14 - -32. Let t(r) = -r + 1. Let a(o) = o**2 - 5*o - 4. Let c be a(5). What is the remainder when y is divided by t(c)?
3
Let z(u) = -u**2 + 17*u - 21. What is the remainder when z(14) is divided by 11?
10
Calculate the remainder when (-16)/(-12)*(-27)/(-6) is divided by 4.
2
Let h(g) = -7*g - 1. Let v be h(-1). Let j = v + -3. What is the remainder when 4 is divided by j?
1
Suppose -3*u + 84 = t, -u + 44 = -6*t + t. What is the remainder when u is divided by 15?
14
Suppose -4 - 6 = -v. Suppose -d - 9 - v = 0. What is the remainder when 53 is divided by 3/((-3)/1) - d?
17
Let b = 152 - 124. Calculate the remainder when 53 is divided by b.
25
Let m(r) = 2*r + 21. What is the remainder when 9 is divided by m(-9)?
0
Let a be (2 - 5)/(3/(-2)). Suppose 0 = -2*d + 2 + 2, -4*t = -a*d - 76. What is the remainder when 37 is divided by t?
17
Let b = -12 + 18. Suppose 3*w = -6 - 9. What is the remainder when 6*3 - (-10)/w is divided by b?
4
Suppose -2*c = -2*q - 3*c - 47, -5*q = 5*c + 110. Let k = -11 - q. What is the remainder when 41 is divided by k?
13
Suppose -5*h = -4*d, -3*d + 3*h + 3 = -0*d. Suppose -4*k = -3*b - 22, 3*k = 6*k + 3*b - 27. Calculate the remainder when k is divided by d.
2
Let t = 130 - 73. Suppose 5*b = -t + 172. Suppose 5*p = 3*c + 55, 0 = p - 5*p - 3*c + 17. Calculate the remainder when b is divided by p.
7
Let a = -18 + 29. Suppose -a = -b - 4. Calculate the remainder when 26 is divided by b.
5
Let x(f) = f**2 + 2*f + 3. Let c be x(-3). Let j = 9 - 5. Suppose -c = -j*y + 34. Calculate the remainder when 28 is divided by y.
8
Let a = -16 + 12. Calculate the remainder when 48 is divided by (-13 + a)/(0 - 1).
14
Suppose 0 = -2*h + 4*u + 22, 5*h + 4*u + 48 = 117. What is the remainder when 36 is divided by h?
10
Suppose 1 = -2*p + 9. Suppose -p*z - z + 55 = 0. Calculate the remainder when 31 is divided by z.
9
What is the remainder when 40 is divided by (-274)/(-18) + 32/(-144)?
10
Suppose -p + 2*j + 48 = j, -4 = j. Suppose 3*l = -l - p. Let i = -6 - l. What is the remainder when 13 is divided by i?
3
Suppose 0 = -8*d + 171 + 45. Calculate the remainder when d is divided by 8.
3
Suppose 5 = z - 0. Suppose -r - 56 = -5*c + 3*r, z*c = -r + 61. Calculate the remainder when 22 is divided by c.
10
Let a = 8 - -2. What is the remainder when 27 is divided by a?
7
Let t be (-6)/12 - 138/(-4). Suppose d + k - 4*k - 35 = 0, -d + t = -2*k. What is the remainder when d is divided by 17?
15
Let x = 73 - 50. Let n = 9 + 3. What is the remainder when x is divided by n?
11
Calculate the remainder when 43 is divided by 1/(-3) - (-170)/15.
10
Let f(v) = v**2 + 3*v + 1. Let y(m) = -m. Let r be y(5). What is the remainder when 32 is divided by f(r)?
10
Suppose -4*y = -2*x - 10, 3*x - 2*y + y = 5. Calculate the remainder when (0 - -3)/(3/4) is divided by x.
1
Suppose 0 = -f + 45 - 28. Let v(q) = -10*q + 7. Calculate the remainder when v(-6) is divided by f.
16
Suppose -22 + 66 = 4*i. Calculate the remainder when 52 is divided by i.
8
Suppose -2*s + 21 = 495. Let o = -29 - -61. What is the remainder when o is divided by 2/(-7) + s/(-21)?
10
Suppose -2*f + 0*f - 4 = 0. What is the remainder when 7 is divided by (-21)/(-6) + 1/f?
1
Let y(c) = -c**2 + c + 18. Suppose -5*r = -0*r - 15. Let k = r + 7. What is the remainder when y(0) is divided by k?
8
Let h(b) = -b**2 + 8*b - 4. Let j be h(3). Suppose 0 = 5*x - j - 179. What is the remainder when x is divided by 13?
12
Let f(r) = r**3 + 3*r**2 - 5*r - 2. Let m be f(-4). Suppose 2*v + k - 10 = 0, 2*v + m*k + 3 = 11. What is the remainder when 23 is divided by v?
5
Let q(o) = -o - 1. Let v be q(-5). Suppose -3*w = 3*u - 24, -19 = -v*u - w + 16. Calculate the remainder when 33 is divided by u.
6
Let a be (1 - -74) + (2 - 1). Suppose -3*y - k = -0*k - 45, 0 = -5*y - 2*k + a. Calculate the remainder when y is divided by 8.
6
Let g(l) = l**2 - 10*l - 7. Let k be g(11). Suppose -k*c + 44 = -2*c. What is the remainder when 42 is divided by c?
20
Suppose -q + 2*q - 7 = 0. Let j = -2 + 2. Suppose 4 + j = s. Calculate the remainder when q is divided by s.
3
Calculate the remainder when (-30)/9*(-6)/15*6 is divided by 3.
2
Let g(s) = -s**2 + 6*s - 2. Calculate the remainder when g(5) is divided by 5 + 1 + -5 + 0.
0
Let c(x) = -x - 12. Let j be c(0). Let q = 28 + j. What is the remainder when 28 is divided by q?
12
Let z(i) = -5*i - 4. Let u be z(-3). Suppose 0 = -2*b - 3*v + 6 + u, b = -4*v - 4. What is the remainder when 62 is divided by b?
14
Let h = -177 + 180. Calculate the remainder when 10 + (-3 - (-2 - -1)) is divided by h.
2
Suppose -2*r + 3*g = -13, -3*r + g = -4 - 5. Let d be r/(-5) - 66/(-15). Suppose -d*l + 30 = -3*l. What is the remainder when l is divided by 16?
14
Let z(o) = 2*o**2. What is the remainder when z(1) is divided by 1?
0
Suppose 0 = -4*b + 12 + 36. Calculate the remainder when 31 is divided by b.
7
Suppose 7*v = 2*v + 795. Let p = v - 113. Calculate the remainder when p is divided by 24.
22
Suppose 4*d - 40 = -2*f, f = 4*d + 4*f - 38. Let b = -7 + d. Calculate the remainder when 11 is divided by b.
3
Suppose -58 = -6*i + 128. What is the remainder when i is divided by 1*17 + 3/(-3)?
15
Let o = -13 - -23. Calculate the remainder when ((-5)/o)/((-2)/12) is divided by 3.
0
Suppose 25 = 5*s, 3*s + 2 = 2*w + s. Calculate the remainder when 34 is divided by w.
4
Suppose g - 2*p + 6 = -7*p, -g + 3*p = -18. Let k = -6 + g. Suppose 0 = 2*q - 4*j - 4, 2*q + 8 = 6*q - 2*j. What is the remainder when k is divided by q?
1
Suppose 0 = 3*j + 3*k - 12, 2*j + 10 = -k + 5*k. Let y = 16 + -10. What is the remainder when -1 - -12 - (j - 1) is divided by y?
5
Let j = -11 + 15. Suppose -18 = -3*s - j*a, 0 = -4*s + 2*a - 4*a + 34. Calculate the remainder when 19 is divided by s.
9
Suppose -10 = -3*w - 3*j + 20, 4*w = 3*j + 5. Let k(u) = -u + 3. Let z be k(-6). Let x(a) = -a**3 + 9*a**2 + 4. What is the remainder when w is divided by x(z)?
1
Let y(